{"id":180,"date":"2018-03-21T10:55:35","date_gmt":"2018-03-21T10:55:35","guid":{"rendered":"https:\/\/www.bakaros.de\/?page_id=180"},"modified":"2019-01-17T14:41:19","modified_gmt":"2019-01-17T13:41:19","slug":"events","status":"publish","type":"page","link":"https:\/\/www.bakaros.de\/?page_id=180","title":{"rendered":"Events"},"content":{"rendered":"<h2>Termine 2019<\/h2>\n\n<table id=\"tablepress-3\" class=\"tablepress tablepress-id-3\">\n<thead>\n<tr class=\"row-1 odd\">\n\t<th class=\"column-1\">Datum<\/th><th class=\"column-2\">Uhrzeit<\/th><th class=\"column-3\">Veranstaltung<\/th><th class=\"column-4\">Ort<\/th><th class=\"column-5\">Link<\/th>\n<\/tr>\n<\/thead>\n<tbody class=\"row-hover\">\n<tr class=\"row-2 even\">\n\t<td class=\"column-1\">21.01.19<\/td><td class=\"column-2\">13:45-15:15<\/td><td class=\"column-3\">Workshop<br \/>\n<em>mit Sch\u00fclerinnen der TECademy<\/em><\/td><td class=\"column-4\">Schloss Realschule f\u00fcr M\u00e4dchen <br \/>\nStuttgart<\/td><td class=\"column-5\"><\/td>\n<\/tr>\n<tr class=\"row-3 odd\">\n\t<td class=\"column-1\">23.01.19<\/td><td class=\"column-2\">16:00-18:30<\/td><td class=\"column-3\">Workshop<br \/>\n<em>mit Kindern ab 8 Jahre<\/em><\/td><td class=\"column-4\">Kinder- und Jugendbibliothek<br \/>\nKarlsruhe<\/td><td class=\"column-5\"><a href=\"https:\/\/www.karlsruhe.de\/b2\/bibliotheken\/zweigstellen\/jugendbibliothek\/jugendbibl_veran.de\">Link<\/a><\/td>\n<\/tr>\n<tr class=\"row-4 even\">\n\t<td class=\"column-1\">26.01.19<\/td><td class=\"column-2\">09:30-20:00<\/td><td class=\"column-3\">Schlau Schau<br \/>\n<em>Auf der Veranstaltung vertreten durch das Jugendforschungszentrum Sindelfingen<\/em><\/td><td class=\"column-4\">BreuningerLand<br \/>\nSindelfingen<\/td><td class=\"column-5\"><a href=\"https:\/\/www.buergerstiftung-sindelfingen.de\/tag\/schlauschau\/\">Link<\/a><\/td>\n<\/tr>\n<tr class=\"row-5 odd\">\n\t<td class=\"column-1\">28.01.19<\/td><td class=\"column-2\">07:45-09:30<\/td><td class=\"column-3\">Workshop<br \/>\n<em>mit Sch\u00fclerInnen des NWT-Kurses<\/em><\/td><td class=\"column-4\">Geschwister-Scholl-Gymnasium<br \/>\nStuttgart<\/td><td class=\"column-5\"><\/td>\n<\/tr>\n<tr class=\"row-6 even\">\n\t<td class=\"column-1\">30.01.19<\/td><td class=\"column-2\">13:00-14:30<\/td><td class=\"column-3\">Workshop<br \/>\n<em>im Rahmen der Junior-Ingenieurs-Akademie mit einer 5.Klasse<\/em><\/td><td class=\"column-4\">K\u00f6nigin-Olga-Stift Gymnasium<br \/>\nStuttgart<\/td><td class=\"column-5\"><\/td>\n<\/tr>\n<tr class=\"row-7 odd\">\n\t<td class=\"column-1\">19.-23.02.19<\/td><td class=\"column-2\">09:00-18:00<\/td><td class=\"column-3\">Messe <br \/>\n<em>didacta<\/em><\/td><td class=\"column-4\">K\u00f6ln<br \/>\nHalle 8 Stand C-061<\/td><td class=\"column-5\"><a href=\"http:\/\/www.didacta-koeln.de\/didacta\/index-2.php\">Link<\/a><\/td>\n<\/tr>\n<tr class=\"row-8 even\">\n\t<td class=\"column-1\">26.03.19<\/td><td class=\"column-2\">14:00-17:45<\/td><td class=\"column-3\">IHK-Workshop<br \/>\n<em>Open-Photonik - Digitale Innovationen spielerisch entwickeln<\/em><\/td><td class=\"column-4\">Fraunhofer IAO<br \/>\nStuttgart<\/td><td class=\"column-5\"><a href=\"https:\/\/www.stuttgart.ihk24.de\/System\/vst\/700122?id=318148&amp;terminId=503709\">Link<\/a><\/td>\n<\/tr>\n<tr class=\"row-9 odd\">\n\t<td class=\"column-1\">28.03.19<\/td><td class=\"column-2\">09:00-15:00<\/td><td class=\"column-3\">Girls\u2018 Day<br \/>\n<em>Technische Optik spielend leicht<\/em><\/td><td class=\"column-4\">Institut f\u00fcr Technische Optik Universit\u00e4t<br \/>\nStuttgart<\/td><td class=\"column-5\"><a href=\"https:\/\/www.uni-stuttgart.de\/studium\/orientierung\/girls-day\/veranstaltungen\/Technische-Optik-spielend-leicht\/\">Link<\/a><\/td>\n<\/tr>\n<tr class=\"row-10 even\">\n\t<td class=\"column-1\">24.-27.06.19<\/td><td class=\"column-2\">09:00-18:00<\/td><td class=\"column-3\">Messe<br \/>\n<em>Laser<\/em><\/td><td class=\"column-4\">M\u00fcnchen<\/td><td class=\"column-5\"><a href=\"https:\/\/world-of-photonics.com\/index.html\">Link<\/a><\/td>\n<\/tr>\n<\/tbody>\n<\/table>\n<!-- #tablepress-3 from cache -->\n<h2>Termine 2018<\/h2>\n\n<table id=\"tablepress-2\" class=\"tablepress tablepress-id-2\">\n<thead>\n<tr class=\"row-1 odd\">\n\t<th class=\"column-1\">Titel<\/th><th class=\"column-2\">Zielgruppe<\/th><th class=\"column-3\">Datum<\/th><th class=\"column-4\">Link<\/th>\n<\/tr>\n<\/thead>\n<tbody class=\"row-hover\">\n<tr class=\"row-2 even\">\n\t<td class=\"column-1\">Open-Photonik-Workshop f\u00fcr die Morgenstadt<\/td><td class=\"column-2\">Studenten, Maker, Designer, Vertreter der Industrie, Wissenschaftler <\/td><td class=\"column-3\">14. Dezember 2018<\/td><td class=\"column-4\"><a href=\"https:\/\/www.iao.fraunhofer.de\/lang-de\/veranstaltungen\/eventdetail\/531\" rel=\"noopener\" target=\"_blank\">Anmelde-Link<\/a><\/td>\n<\/tr>\n<tr class=\"row-3 odd\">\n\t<td class=\"column-1\">Open Photonik Next: Workshop f\u00fcr Sch\u00fclerinnen und Sch\u00fcler<\/td><td class=\"column-2\">Sch\u00fclerinnen und Sch\u00fcler ab 14 Jahren<\/td><td class=\"column-3\">13. Dezember 2018<\/td><td class=\"column-4\"><a href=\"https:\/\/www.iao.fraunhofer.de\/lang-de\/veranstaltungen\/eventdetail\/530\" rel=\"noopener\" target=\"_blank\">Anmelde-Link<\/a><\/td>\n<\/tr>\n<tr class=\"row-4 even\">\n\t<td class=\"column-1\">Ausstellung auf der Veranstaltung \"M\u00fcnchener Wissenschaftstage\"<\/td><td class=\"column-2\">von 0 bis 99 Jahren<\/td><td class=\"column-3\">10. bis 13. November<\/td><td class=\"column-4\"><a href=\"https:\/\/www.muenchner-wissenschaftstage.de\/\" rel=\"noopener\" target=\"_blank\">Veranstaltung<\/a><\/td>\n<\/tr>\n<tr class=\"row-5 odd\">\n\t<td class=\"column-1\">Workshop beim MIT-Club Deutschland<\/td><td class=\"column-2\">Lehrerinnen und Lehrer<\/td><td class=\"column-3\">10. u. 11. November 2018<\/td><td class=\"column-4\"><a href=\"https:\/\/www.schule-mit-wissenschaft.de\/\" rel=\"noopener\" target=\"_blank\">Veranstaltung<\/a><\/td>\n<\/tr>\n<tr class=\"row-6 even\">\n\t<td class=\"column-1\">Ausstellung auf der Mini-Maker-Faire B\u00f6blingen<\/td><td class=\"column-2\">von 0 bis 99 Jahren<\/td><td class=\"column-3\">10. November 2018<\/td><td class=\"column-4\"><a href=\"http:\/\/www.junge-forscher.info\/\" rel=\"noopener\" target=\"_blank\">Jugendforschungszentrum<\/a><\/td>\n<\/tr>\n<tr class=\"row-7 odd\">\n\t<td class=\"column-1\">Ausstellung beim Photonik-Forum BW<\/td><td class=\"column-2\">Industrie<\/td><td class=\"column-3\">7. November 2018<\/td><td class=\"column-4\"><a href=\"https:\/\/photonicsbw.de\/projekte\/photonics-innovation-booster\/forum\/\" rel=\"noopener\" target=\"_blank\">Veranstaltung<\/a><\/td>\n<\/tr>\n<tr class=\"row-8 even\">\n\t<td class=\"column-1\">Junior-Ingenieur-Akademie - Anwendungen f\u00fcr neue Technologien <\/td><td class=\"column-2\">Ab 14 Jahren<\/td><td class=\"column-3\">23. Oktober 2018<\/td><td class=\"column-4\"><a href=\"https:\/\/www.telekom-stiftung.de\/projekte\/junior-ingenieur-akademie\" rel=\"noopener\" target=\"_blank\">Junior-Ingenieur-Akademie<\/a><\/td>\n<\/tr>\n<tr class=\"row-9 odd\">\n\t<td class=\"column-1\">Ausstellung auf dem Sommerfest der Junior Uni Wuppertal<\/td><td class=\"column-2\">von 0 bis 99 Jahren<\/td><td class=\"column-3\">15. September 2018<\/td><td class=\"column-4\"><a href=\"https:\/\/www.junioruni-wuppertal.de\/de\/963\/angebot\/veranstaltungen\/sommerfest-2018\/\" rel=\"noopener\" target=\"_blank\">Junior Uni Wuppertal<\/a><\/td>\n<\/tr>\n<tr class=\"row-10 even\">\n\t<td class=\"column-1\">Workshop \"Lean Prototyping with Open-Photonics construction kits\"<\/td><td class=\"column-2\">Automobilindustrie<\/td><td class=\"column-3\">19. Juli 2018<\/td><td class=\"column-4\"><a href=\"http:\/\/www.muse.iao.fraunhofer.de\/de\/ueber-uns\/innovationsnetzwerke\/innovationsnetzwerk-future-car.html\" rel=\"noopener\" target=\"_blank\">FutureCar-Netzwerk<\/a><\/td>\n<\/tr>\n<tr class=\"row-11 odd\">\n\t<td class=\"column-1\">Workshop \"Lean Prototyping mit Open-Photonik-Baukasten\"<\/td><td class=\"column-2\">Industrie<\/td><td class=\"column-3\">19. Juni 2018<\/td><td class=\"column-4\"><a href=\"https:\/\/www.limak.at\/uber-uns\/partner-universitaten\/\" rel=\"noopener\" target=\"_blank\">Limak - Austrian Business School - Partner-Universit\u00e4t des Fraunhofer IAO<\/a><\/td>\n<\/tr>\n<tr class=\"row-12 even\">\n\t<td class=\"column-1\">Workshop f\u00fcr Jugend-forscht-2018-Gewinner<\/td><td class=\"column-2\">ab 14 Jahren<\/td><td class=\"column-3\">16. Juni 2018<\/td><td class=\"column-4\">-<\/td>\n<\/tr>\n<tr class=\"row-13 odd\">\n\t<td class=\"column-1\">Workshops f\u00fcr Sch\u00fclerinnen und Sch\u00fcler auf der LASYS Stuttgart<\/td><td class=\"column-2\">Ab 14 Jahren<\/td><td class=\"column-3\">5. -7. Juni 2018<\/td><td class=\"column-4\"><a href=\"https:\/\/www.photonikforschung.de\/service\/nachrichten\/detailansicht\/open-innovation-projekte-begeistern-junge-menschen-fuer-photonik.html\" rel=\"noopener\" target=\"_blank\">Blogbeitrag vom VDI Technologiezentrum <\/a><\/td>\n<\/tr>\n<tr class=\"row-14 even\">\n\t<td class=\"column-1\">Mini-Maker-Fair in Wittwer-Buchhandlung<\/td><td class=\"column-2\">von 0 bis 99 Jahren<\/td><td class=\"column-3\">14. April 2018<\/td><td class=\"column-4\"><a href=\"https:\/\/www.photonikforschung.de\/service\/nachrichten\/detailansicht\/wissen-ueber-optische-systeme-spielerisch-erweitern.html\" rel=\"noopener\" target=\"_blank\">Blogbeitrag<\/a><\/td>\n<\/tr>\n<tr class=\"row-15 odd\">\n\t<td class=\"column-1\">Ausstellung beim Bucerius-Lab-Symposium: die Zukunft der Arbeit im digitalen Zeitalter<\/td><td class=\"column-2\">ab 6 Jahren<\/td><td class=\"column-3\">13. April 2018<\/td><td class=\"column-4\"><a href=\"https:\/\/www.zeit-stiftung.de\/projekte\/buceriuslab\/buceriuslabsymposium\" rel=\"noopener\" target=\"_blank\">Programm<\/a><\/td>\n<\/tr>\n<tr class=\"row-16 even\">\n\t<td class=\"column-1\">Kooperation mit der Fraunhofer-Talent-School 2018 - die gesunde Morgenstadt<\/td><td class=\"column-2\">ab 14 Jahren<\/td><td class=\"column-3\">16. bis 18. M\u00e4rz 2018<\/td><td class=\"column-4\"><a href=\"https:\/\/www.stuttgart.fraunhofer.de\/de\/jobs-und-karriere\/schueler\/neu_talent-school-.html\" rel=\"noopener\" target=\"_blank\">Talent-School der Stuttgarter Fraunhofer-Institute<\/a><\/td>\n<\/tr>\n<tr class=\"row-17 odd\">\n\t<td class=\"column-1\">Ausstellung auf der Arena2036<\/td><td class=\"column-2\">Industrie<\/td><td class=\"column-3\">22. u. 23. Februar 2018<\/td><td class=\"column-4\"><a href=\"https:\/\/www.arena2036.de\/de\/\" rel=\"noopener\" target=\"_blank\">Arena2036<\/a><\/td>\n<\/tr>\n<\/tbody>\n<\/table>\n<!-- #tablepress-2 from cache -->\n","protected":false},"excerpt":{"rendered":"<p>Termine 2019 Termine 2018<\/p>\n","protected":false},"author":2,"featured_media":0,"parent":165,"menu_order":5,"comment_status":"closed","ping_status":"closed","template":"page-templates\/homepage.php","meta":{"footnotes":""},"class_list":["post-180","page","type-page","status-publish","hentry","user-has-not-earned"],"_links":{"self":[{"href":"https:\/\/www.bakaros.de\/index.php?rest_route=\/wp\/v2\/pages\/180","targetHints":{"allow":["GET"]}}],"collection":[{"href":"https:\/\/www.bakaros.de\/index.php?rest_route=\/wp\/v2\/pages"}],"about":[{"href":"https:\/\/www.bakaros.de\/index.php?rest_route=\/wp\/v2\/types\/page"}],"author":[{"embeddable":true,"href":"https:\/\/www.bakaros.de\/index.php?rest_route=\/wp\/v2\/users\/2"}],"replies":[{"embeddable":true,"href":"https:\/\/www.bakaros.de\/index.php?rest_route=%2Fwp%2Fv2%2Fcomments&post=180"}],"version-history":[{"count":5,"href":"https:\/\/www.bakaros.de\/index.php?rest_route=\/wp\/v2\/pages\/180\/revisions"}],"predecessor-version":[{"id":665,"href":"https:\/\/www.bakaros.de\/index.php?rest_route=\/wp\/v2\/pages\/180\/revisions\/665"}],"up":[{"embeddable":true,"href":"https:\/\/www.bakaros.de\/index.php?rest_route=\/wp\/v2\/pages\/165"}],"wp:attachment":[{"href":"https:\/\/www.bakaros.de\/index.php?rest_route=%2Fwp%2Fv2%2Fmedia&parent=180"}],"curies":[{"name":"wp","href":"https:\/\/api.w.org\/{rel}","templated":true}]}}

<h2>Termine 2019</h2>

<table id="tablepress-3" class="tablepress tablepress-id-3">
<thead>
<tr class="row-1 odd">
	<th class="column-1">Datum</th><th class="column-2">Uhrzeit</th><th class="column-3">Veranstaltung</th><th class="column-4">Ort</th><th class="column-5">Link</th>
</tr>
</thead>
<tbody class="row-hover">
<tr class="row-2 even">
	<td class="column-1">21.01.19</td><td class="column-2">13:45-15:15</td><td class="column-3">Workshop<br />
<em>mit Schülerinnen der TECademy</em></td><td class="column-4">Schloss Realschule für Mädchen <br />
Stuttgart</td><td class="column-5"></td>
</tr>
<tr class="row-3 odd">
	<td class="column-1">23.01.19</td><td class="column-2">16:00-18:30</td><td class="column-3">Workshop<br />
<em>mit Kindern ab 8 Jahre</em></td><td class="column-4">Kinder- und Jugendbibliothek<br />
Karlsruhe</td><td class="column-5"><a href="https://www.karlsruhe.de/b2/bibliotheken/zweigstellen/jugendbibliothek/jugendbibl_veran.de">Link</a></td>
</tr>
<tr class="row-4 even">
	<td class="column-1">26.01.19</td><td class="column-2">09:30-20:00</td><td class="column-3">Schlau Schau<br />
<em>Auf der Veranstaltung vertreten durch das Jugendforschungszentrum Sindelfingen</em></td><td class="column-4">BreuningerLand<br />
Sindelfingen</td><td class="column-5"><a href="https://www.buergerstiftung-sindelfingen.de/tag/schlauschau/">Link</a></td>
</tr>
<tr class="row-5 odd">
	<td class="column-1">28.01.19</td><td class="column-2">07:45-09:30</td><td class="column-3">Workshop<br />
<em>mit SchülerInnen des NWT-Kurses</em></td><td class="column-4">Geschwister-Scholl-Gymnasium<br />
Stuttgart</td><td class="column-5"></td>
</tr>
<tr class="row-6 even">
	<td class="column-1">30.01.19</td><td class="column-2">13:00-14:30</td><td class="column-3">Workshop<br />
<em>im Rahmen der Junior-Ingenieurs-Akademie mit einer 5.Klasse</em></td><td class="column-4">Königin-Olga-Stift Gymnasium<br />
Stuttgart</td><td class="column-5"></td>
</tr>
<tr class="row-7 odd">
	<td class="column-1">19.-23.02.19</td><td class="column-2">09:00-18:00</td><td class="column-3">Messe <br />
<em>didacta</em></td><td class="column-4">Köln<br />
Halle 8 Stand C-061</td><td class="column-5"><a href="http://www.didacta-koeln.de/didacta/index-2.php">Link</a></td>
</tr>
<tr class="row-8 even">
	<td class="column-1">26.03.19</td><td class="column-2">14:00-17:45</td><td class="column-3">IHK-Workshop<br />
<em>Open-Photonik - Digitale Innovationen spielerisch entwickeln</em></td><td class="column-4">Fraunhofer IAO<br />
Stuttgart</td><td class="column-5"><a href="https://www.stuttgart.ihk24.de/System/vst/700122?id=318148&amp;terminId=503709">Link</a></td>
</tr>
<tr class="row-9 odd">
	<td class="column-1">28.03.19</td><td class="column-2">09:00-15:00</td><td class="column-3">Girls‘ Day<br />
<em>Technische Optik spielend leicht</em></td><td class="column-4">Institut für Technische Optik Universität<br />
Stuttgart</td><td class="column-5"><a href="https://www.uni-stuttgart.de/studium/orientierung/girls-day/veranstaltungen/Technische-Optik-spielend-leicht/">Link</a></td>
</tr>
<tr class="row-10 even">
	<td class="column-1">24.-27.06.19</td><td class="column-2">09:00-18:00</td><td class="column-3">Messe<br />
<em>Laser</em></td><td class="column-4">München</td><td class="column-5"><a href="https://world-of-photonics.com/index.html">Link</a></td>
</tr>
</tbody>
</table>
<!-- #tablepress-3 from cache -->
<h2>Termine 2018</h2>

<table id="tablepress-2" class="tablepress tablepress-id-2">
<thead>
<tr class="row-1 odd">
	<th class="column-1">Titel</th><th class="column-2">Zielgruppe</th><th class="column-3">Datum</th><th class="column-4">Link</th>
</tr>
</thead>
<tbody class="row-hover">
<tr class="row-2 even">
	<td class="column-1">Open-Photonik-Workshop für die Morgenstadt</td><td class="column-2">Studenten, Maker, Designer, Vertreter der Industrie, Wissenschaftler </td><td class="column-3">14. Dezember 2018</td><td class="column-4"><a href="https://www.iao.fraunhofer.de/lang-de/veranstaltungen/eventdetail/531" rel="noopener" target="_blank">Anmelde-Link</a></td>
</tr>
<tr class="row-3 odd">
	<td class="column-1">Open Photonik Next: Workshop für Schülerinnen und Schüler</td><td class="column-2">Schülerinnen und Schüler ab 14 Jahren</td><td class="column-3">13. Dezember 2018</td><td class="column-4"><a href="https://www.iao.fraunhofer.de/lang-de/veranstaltungen/eventdetail/530" rel="noopener" target="_blank">Anmelde-Link</a></td>
</tr>
<tr class="row-4 even">
	<td class="column-1">Ausstellung auf der Veranstaltung "Münchener Wissenschaftstage"</td><td class="column-2">von 0 bis 99 Jahren</td><td class="column-3">10. bis 13. November</td><td class="column-4"><a href="https://www.muenchner-wissenschaftstage.de/" rel="noopener" target="_blank">Veranstaltung</a></td>
</tr>
<tr class="row-5 odd">
	<td class="column-1">Workshop beim MIT-Club Deutschland</td><td class="column-2">Lehrerinnen und Lehrer</td><td class="column-3">10. u. 11. November 2018</td><td class="column-4"><a href="https://www.schule-mit-wissenschaft.de/" rel="noopener" target="_blank">Veranstaltung</a></td>
</tr>
<tr class="row-6 even">
	<td class="column-1">Ausstellung auf der Mini-Maker-Faire Böblingen</td><td class="column-2">von 0 bis 99 Jahren</td><td class="column-3">10. November 2018</td><td class="column-4"><a href="http://www.junge-forscher.info/" rel="noopener" target="_blank">Jugendforschungszentrum</a></td>
</tr>
<tr class="row-7 odd">
	<td class="column-1">Ausstellung beim Photonik-Forum BW</td><td class="column-2">Industrie</td><td class="column-3">7. November 2018</td><td class="column-4"><a href="https://photonicsbw.de/projekte/photonics-innovation-booster/forum/" rel="noopener" target="_blank">Veranstaltung</a></td>
</tr>
<tr class="row-8 even">
	<td class="column-1">Junior-Ingenieur-Akademie - Anwendungen für neue Technologien </td><td class="column-2">Ab 14 Jahren</td><td class="column-3">23. Oktober 2018</td><td class="column-4"><a href="https://www.telekom-stiftung.de/projekte/junior-ingenieur-akademie" rel="noopener" target="_blank">Junior-Ingenieur-Akademie</a></td>
</tr>
<tr class="row-9 odd">
	<td class="column-1">Ausstellung auf dem Sommerfest der Junior Uni Wuppertal</td><td class="column-2">von 0 bis 99 Jahren</td><td class="column-3">15. September 2018</td><td class="column-4"><a href="https://www.junioruni-wuppertal.de/de/963/angebot/veranstaltungen/sommerfest-2018/" rel="noopener" target="_blank">Junior Uni Wuppertal</a></td>
</tr>
<tr class="row-10 even">
	<td class="column-1">Workshop "Lean Prototyping with Open-Photonics construction kits"</td><td class="column-2">Automobilindustrie</td><td class="column-3">19. Juli 2018</td><td class="column-4"><a href="http://www.muse.iao.fraunhofer.de/de/ueber-uns/innovationsnetzwerke/innovationsnetzwerk-future-car.html" rel="noopener" target="_blank">FutureCar-Netzwerk</a></td>
</tr>
<tr class="row-11 odd">
	<td class="column-1">Workshop "Lean Prototyping mit Open-Photonik-Baukasten"</td><td class="column-2">Industrie</td><td class="column-3">19. Juni 2018</td><td class="column-4"><a href="https://www.limak.at/uber-uns/partner-universitaten/" rel="noopener" target="_blank">Limak - Austrian Business School - Partner-Universität des Fraunhofer IAO</a></td>
</tr>
<tr class="row-12 even">
	<td class="column-1">Workshop für Jugend-forscht-2018-Gewinner</td><td class="column-2">ab 14 Jahren</td><td class="column-3">16. Juni 2018</td><td class="column-4">-</td>
</tr>
<tr class="row-13 odd">
	<td class="column-1">Workshops für Schülerinnen und Schüler auf der LASYS Stuttgart</td><td class="column-2">Ab 14 Jahren</td><td class="column-3">5. -7. Juni 2018</td><td class="column-4"><a href="https://www.photonikforschung.de/service/nachrichten/detailansicht/open-innovation-projekte-begeistern-junge-menschen-fuer-photonik.html" rel="noopener" target="_blank">Blogbeitrag vom VDI Technologiezentrum </a></td>
</tr>
<tr class="row-14 even">
	<td class="column-1">Mini-Maker-Fair in Wittwer-Buchhandlung</td><td class="column-2">von 0 bis 99 Jahren</td><td class="column-3">14. April 2018</td><td class="column-4"><a href="https://www.photonikforschung.de/service/nachrichten/detailansicht/wissen-ueber-optische-systeme-spielerisch-erweitern.html" rel="noopener" target="_blank">Blogbeitrag</a></td>
</tr>
<tr class="row-15 odd">
	<td class="column-1">Ausstellung beim Bucerius-Lab-Symposium: die Zukunft der Arbeit im digitalen Zeitalter</td><td class="column-2">ab 6 Jahren</td><td class="column-3">13. April 2018</td><td class="column-4"><a href="https://www.zeit-stiftung.de/projekte/buceriuslab/buceriuslabsymposium" rel="noopener" target="_blank">Programm</a></td>
</tr>
<tr class="row-16 even">
	<td class="column-1">Kooperation mit der Fraunhofer-Talent-School 2018 - die gesunde Morgenstadt</td><td class="column-2">ab 14 Jahren</td><td class="column-3">16. bis 18. März 2018</td><td class="column-4"><a href="https://www.stuttgart.fraunhofer.de/de/jobs-und-karriere/schueler/neu_talent-school-.html" rel="noopener" target="_blank">Talent-School der Stuttgarter Fraunhofer-Institute</a></td>
</tr>
<tr class="row-17 odd">
	<td class="column-1">Ausstellung auf der Arena2036</td><td class="column-2">Industrie</td><td class="column-3">22. u. 23. Februar 2018</td><td class="column-4"><a href="https://www.arena2036.de/de/" rel="noopener" target="_blank">Arena2036</a></td>
</tr>
</tbody>
</table>
<!-- #tablepress-2 from cache -->
